 d. What is the highest common factor of f and c?
21
Let g(r) = -241*r - 3990. Let s be g(-18). Calculate the greatest common divisor of 336 and s.
12
Let w = -24 - -87. Let f(o) = o**2 - 13*o + 4. Let n(u) = 14*u - 84. Let a be n(7). Let g be f(a). What is the greatest common factor of w and g?
9
Let l be (-120)/50 + (-328)/(-20). What is the highest common factor of 7154 and l?
14
Suppose -1500 = 2*v - 14*v. Suppose -24*p + 19 = -v. What is the greatest common divisor of 6 and p?
6
Let z = 108 - 108. Suppose -2*b - 3*b = 2*n - 130, z = 4*b + n - 107. What is the highest common factor of b and 21?
7
Suppose -3*q = 2*q. Suppose q = -34*g + 29*g - 320. Let m = g + 73. What is the greatest common factor of m and 63?
9
Let x(m) = 2*m - 58. Let f(j) = -2*j + 60. Let a(v) = 3*f(v) + 2*x(v). Let o be a(19). What is the highest common divisor of 2 and o?
2
Suppose 15*b + 655 = 790. What is the highest common divisor of 9396 and b?
9
Let k = 15820 + -7513. Suppose -19*s + 1516 = -k. Let o be -2 - 2/((-4)/98). Calculate the highest common factor of o and s.
47
Let f(z) = z**2 - 9*z + 10. Let b be f(8). Suppose -3*r + 4*h + 26 + 2 = 0, -2*h - 18 = -b*r. Calculate the greatest common factor of r and 3.
1
Let w = 49 - -21. Suppose -4*d - 352 = -40. Let g = d - -92. What is the highest common divisor of g and w?
14
Let r = -9677 - -9754. What is the highest common factor of 10934 and r?
77
Suppose -p = 5*p - 4092. Let l = -290 + p. Let w = l - 227. Calculate the greatest common factor of 15 and w.
15
Let i be 83*-25*13/(-65). Calculate the highest common divisor of 25 and i.
5
Let f = 359 + -120. Suppose -4*w + f = 179. Let z = 73 + 92. Calculate the greatest common factor of w and z.
15
Suppose 0 = 83*k - 68*k + 195. Let m be (-3 - -6) + (k - -478). What is the greatest common divisor of m and 13?
13
Let b be 2/(-27) - (-1395680)/1404. Calculate the highest common divisor of 426 and b.
142
Let f be 14 + -1 + 12 + -5. Suppose -g + 5*g - f = 0. What is the highest common factor of g and 35?
5
Let b be (5 - 8)*9*-17. Suppose -b + 159 = -6*l. Let i(n) = n**2 - 8*n + 10. Let c be i(8). Calculate the greatest common divisor of c and l.
10
Let x = 37 + 66. Let b = x + -61. Let u = -205 + 261. Calculate the highest common divisor of b and u.
14
Let d be (-4)/24 + (-10 - (-21845)/102). What is the highest common divisor of 1122 and d?
102
Let q be 65 - (-6 + 5 - -3). Let w = 219 - q. What is the highest common factor of w and 12?
12
Suppose -8*v - 4*p = -12*v + 248, 3*v - 14*p + 23 = 0. Suppose -2*k + 5*h + 205 = 3*k, -4*k = -2*h - 154. Calculate the highest common divisor of k and v.
9
Let u(t) = 3*t**2 - 4*t - 3. Let y be u(9). Suppose -34 = -19*m + 18*m. What is the greatest common divisor of m and y?
34
Suppose -21333 = 635*u - 510283. What is the greatest common factor of 3685 and u?
55
Let n = -2377 - -2715. What is the greatest common divisor of 754 and n?
26
Suppose -472*k = -444*k - 69972. What is the highest common factor of 147 and k?
147
Suppose -3*n - 3*d = 9 - 15, 4*n = -d + 20. Suppose 5*s = -l + 96, 4*l + 3*s + 153 = n*l. What is the greatest common factor of 189 and l?
27
Suppose 718 = -0*z + 2*z + w, z = 3*w + 366. What is the greatest common divisor of 1224 and z?
72
Let o(s) = 3*s**2 - 111*s + 106. Let p be o(38). Calculate the highest common factor of p and 1720.
20
Let d = -23 - -32. Let h = d - 5. Suppose -h*r + 46 = -90. What is the greatest common factor of 2 and r?
2
Suppose 42*j - 19796 = -56*j. What is the greatest common divisor of j and 4141?
101
Let k = -2691 + 2694. What is the greatest common divisor of k and 1149?
3
Let g(f) = f**2 - 16*f + 328. Let r be g(13). Calculate the greatest common factor of r and 136.
17
Let x be (2 - 1)/((-2)/(-98)). Let q = -1328 - -855. Let y = q + 480. Calculate the highest common divisor of y and x.
7
Suppose -780*m + 747*m = -2112. Let j be (-1 - 0) + 0 + 1025. Calculate the highest common divisor of m and j.
64
Let f = 467 + -345. Suppose -q + 124 = f. What is the greatest common divisor of q and 104?
2
Let v = 3241 - 3142. Calculate the highest common divisor of 165 and v.
33
Suppose -8*z + 3147 + 493 = 0. What is the highest common factor of z and 520?
65
Let j(a) be the first derivative of a**3 - 81*a**2/2 - 74*a + 52. Let r be j(28). Let o = -18 + 63. What is the highest common factor of r and o?
5
Suppose 3*b + 4*g = 68, -4*b + 84 = 75*g - 73*g. Suppose 4*z - 18 + 5 = -3*u, -4*z = 2*u - 14. What is the highest common factor of b and z?
4
Let x be 1232/14 - (-5 - 2/4*-2). What is the highest common factor of x and 20?
4
Let c be 4/(-10) + 297/55. Let s be ((-2)/c)/((-1)/180). Calculate the greatest common factor of 120 and s.
24
Let m = -260 + 288. Let i(z) = 18*z**3 - 3*z**2 - 3*z. Let q be i(2). Calculate the highest common divisor of q and m.
14
Suppose 5*a = 25, -29*f - 186 = -33*f + 2*a. Let x = 20 - 6. Calculate the greatest common factor of x and f.
7
Suppose -39 + 11 = -4*l. Let u(s) = -s**2 - 7*s + 8 + 2*s**2 + 6. Let o be u(l). What is the greatest common divisor of 154 and o?
14
Suppose 12*a - 13*a = m - 2, -3*m = 5*a - 2. Suppose 5*i - 3*i - 334 = -2*k, 508 = 3*k - m*i. Calculate the highest common divisor of k and 16.
8
Suppose 0 = 5*k + 6 - 21. Suppose 0 = -6*t + 3*t + k. What is the highest common divisor of 27 and t?
1
Let j be (-17 + (0 - -3))/(-1). Let d(o) = -2*o**3 - 6*o**2 + 11*o + 3. Let q be d(-7). Suppose 0 = 6*x - 102 - q. What is the highest common factor of x and j?
14
Let s(t) = t**3 - 8*t**2 - t + 8. Let z be s(8). Suppose z = -6*d + 264 + 84. Calculate the highest common factor of 87 and d.
29
Suppose 4*k - 6*k - 2 = 0, 24 = 4*n - 4*k. Suppose 0 = 4*a, 29 + 46 = n*c - 4*a. Calculate the greatest common factor of c and 3.
3
Suppose 57*i - 55*i - 14 = 0. Suppose i*w - 161 = 49. What is the highest common divisor of w and 6?
6
Let k be 0 - 4/(-22) - 11520/(-528). Suppose -1076 - 178 = -k*o. Let t be 0 - (-2 - 76) - 2. What is the highest common divisor of t and o?
19
Suppose 0 = 5*f - 2*x - 2033, -28*f + 1612 = -24*f + 2*x. What is the highest common divisor of 5 and f?
5
Suppose 2*k = -242 - 26. Let g = -94 - k. Suppose -o + 5*y + g = 0, 4*y - 3*y = -2. Calculate the highest common factor of o and 60.
30
Let b = 308 - 312. Let n be (b/(-8)*-2 - 3) + 12. Calculate the greatest common factor of n and 136.
8
Suppose -2*o - 5984 = 14*o. Let k = o + 758. Suppose -k = -z - 2*z. Calculate the highest common divisor of 16 and z.
16
Let w(y) = 16*y**2 - 10*y. Let l be w(-7). Let t(u) = -12*u**2 + 780*u + 14. Let f be t(65). What is the highest common divisor of l and f?
14
Suppose 21844 - 7342 + 22890 = 114*x. What is the greatest common factor of x and 24?
8
Suppose 9*x - 1494 = -3*q, -q + 3*x = -3*q + 1008. What is the highest common divisor of q and 705?
15
Let a(y) = 2*y**3 - 50*y**2 + 59*y + 114. Let v be a(24). Calculate the greatest common factor of 2520 and v.
126
Suppose 3*x - 49 = -4*j - 2*x, 5*j + x - 56 = 0. Suppose -98 + j = -3*y. Let z = 328 - 9. Calculate the greatest common factor of y and z.
29
Let j(r) = 4 - 8 - r + 2 + 3*r + 90*r**2. Let p be j(1). Suppose -10*d + p = -70. Calculate the highest common divisor of d and 4.
4
Let j(y) = -y**2 + 14*y + 6. Let s be j(13). Suppose 3*k - 2348 = -k + 2*o, -4*o - 1162 = -2*k. What is the greatest common factor of s and k?
19
Suppose -580 = -4*d - 3*h + h, -4*d + 3*h = -570. What is the greatest common divisor of 656 and d?
16
Let w = -72 - -79. Let j be ((-10)/w)/(98/(-8575)). Suppose c = 0, -4*b - 2*c = 2*c - 100. What is the highest common divisor of j and b?
25
Suppose -28*z = -25*z - 81. Suppose -28 = -g + k + 1, g = 3*k + z. Calculate the greatest common factor of 20 and g.
10
Suppose -1644 - 4276 = -32*s. Let g(w) be the third derivative of -w**4 + w**3/3 - w**2. Let c be g(-3). What is the highest common divisor of c and s?
37
Let q(u) = 4*u - 5. Let x be (-2)/8 - 34/(-8). Let h be q(x). Suppose -4*b - 77 = -h*b. What is the highest common factor of 1 and b?
1
Suppose -4*n = -9*n - 100. Let a be (-9)/(-6)*n/(-6). Suppose a*m - 132 = -2*o, 4*m - o = -0*m + 103. Calculate the greatest common divisor of m and 26.
26
Let l be 119/13 + (1 - (-60)/(-52)). Suppose -74 - 232 = -l*o. Suppose 0 = 29*r - o*r + 25.